o) + 6*i(o). Determine u(1).
-64
Let o be ((-3)/9)/(100 + -104 - (-37)/9). Let s(m) = 3*m - 11. Let u(d) = -d + 5. Let c(w) = -6*s(w) - 13*u(w). Determine c(o).
16
Suppose 5*i = 4*h + 8, 4*h = -5*i - 9 + 41. Let n(k) = 294*k**2 + 9*k - 151*k**2 + k**3 + 7*k - 146*k**2 - 1 + 10*k - 28*k. What is n(i)?
7
Let w(h) = -27*h - 4. Let n(s) = -38*s - 6. Let o(m) = -5*n(m) + 7*w(m). Suppose -z - 3 = -v, 2*z - 24 = -0*v - 4*v. Give o(v).
7
Let t = 29292 - 29281. Let y(v) = v**3 - 10*v**2 - 8*v - 34. What is y(t)?
-1
Let s(b) = b**3 - 15*b**2 - 15*b - 10. Let r(d) = 8*d**3 - 6*d**2 + 5*d + 15. Let z be r(3). Suppose -a - z = -13*a. Calculate s(a).
6
Let g = -29859 - -29837. Let t(y) = y**3 + 20*y**2 - 48*y - 46. Determine t(g).
42
Suppose 2*g - 20 = -0*g. Let r = 1 - -27. Let l(y) = -r*y - 6 - 2 + 29*y - 6. What is l(g)?
-4
Let l(s) be the second derivative of 2*s**3/3 - s**2/2 - 1619*s + 1. What is l(-2)?
-9
Suppose -3*k + 8 = -25. Suppose -l - k = -2*l. Let r(i) = 2741 + 13*i + i**3 - i + i**3 - 2745 - 3*i**3 + 10*i**2. Calculate r(l).
7
Let q(z) = 4*z**2 + 40*z - 120. Let t be q(3). Let r = t + -44. Let h(m) be the third derivative of -m**4/24 - 5*m**3/3 - m**2. Give h(r).
-2
Let m(g) = g**2 + 66*g - 49. Let y be m(-67). Let o(k) = -k**2 + 19*k + 2. Give o(y).
20
Let i(n) be the second derivative of -n**4/12 + 5*n**3/2 - 11*n**2 + 1086*n - 2. What is i(14)?
-8
Let a(b) = -b**3 - 30*b**2 - 31*b - 66. Let f = 3148 + -3177. Determine a(f).
-8
Let z(i) = i**2 + 15*i - 29. Let l be z(-9). Let d = -79 - l. Let r(n) = 4*n - d*n**2 - n + 5*n**2 + 2*n. What is r(-5)?
0
Let w(i) = -55*i - 438. Let q(u) = 91*u**2 - 1457*u + 8. Let k be q(16). What is w(k)?
2
Let q(j) = -j**3 + 6*j**2 - 7*j - 8. Suppose -2*t - 66 = 27*t - 182. Calculate q(t).
-4
Let m(n) be the first derivative of -n**3/3 - 5*n**2 - 10*n + 1363. Suppose 2*o = -o - 12, 2*h - 3*o = 16. Let f be (14/(-4))/(1/h). Give m(f).
11
Let b(d) = -d**2 - 12*d. Let n be (-6)/4*912/342. Calculate b(n).
32
Let j(c) = 247*c + 61. Let h(g) = -61*g + 1. Let q(n) = -4*h(n) - j(n). Calculate q(-22).
1
Let g(f) be the third derivative of -3*f**6/40 + f**5/60 - f**4/24 - f**3/6 + 602*f**2. Suppose -3*y = 5*r - 7, 16 = 4*r - 0*r + 5*y. Determine g(r).
10
Let h(b) be the third derivative of -b**6/120 + 7*b**5/60 + 53*b**4/24 - 182*b**3/3 + 5*b**2 - 292*b + 2. Calculate h(7).
7
Let v(b) be the first derivative of b**7/840 - b**6/40 + 3*b**5/40 - b**4/24 - b**3/3 + 2*b - 27. Let m(c) be the third derivative of v(c). Calculate m(8).
7
Let w = -1 + 4. Let i(f) = -11*f - 4. Let j(s) = 14*s - 17. Let l(r) = 43*r - 47. Let x(y) = -17*j(y) + 6*l(y). Let v(p) = -5*i(p) - 3*x(p). Give v(w).
-16
Let g(t) = 34*t + 301. Let w(d) = -d**2 - 60*d - 653. Let v be w(-14). Calculate g(v).
-5
Let l(j) be the first derivative of 3*j**2/2 + 74*j - 4167. Calculate l(-29).
-13
Let b(m) = 18*m - 12. Let p(g) = g**3 - 20*g**2 + 5*g - 99. Let z be p(20). Give b(z).
6
Let r(z) = -z**2 - 6*z + 8. Let d be (-6)/10 + (-490)/(-25). Suppose 0 = -4*j + 17 + d. Let x(i) = 2*i**3 - 18*i**2 - 7. Let v be x(j). Determine r(v).
1
Let t(q) = q**2 - 14*q - 4. Let h be t(14). Let o be h - (-24)/(-20)*5. Let a(p) = -p + 6*p - 4*p - 9*p**2 - p**3 + 7 - p**2. Determine a(o).
-3
Let n(x) = 8*x + 15*x - 52*x + 11*x + 14*x + 4. Determine n(5).
-16
Let l(z) = -240*z + 13914. Let a be l(58). Let f(v) be the third derivative of 0*v + 2/3*v**3 - 2*v**2 + 1/24*v**4 + 1/120*v**6 + 0 + 1/10*v**5. Determine f(a).
-2
Let k(p) be the second derivative of p**4/6 + 9*p**3/2 - 5*p**2/2 - 8339*p. Calculate k(-8).
-93
Let y be (-174)/232*(-32)/6. Let f(b) be the first derivative of -10 - b**2 - 1/4*b**y + b + 2*b**3. What is f(3)?
22
Let u be (-4)/1*260/(-208). Let c(q) = 4*q - 6 + 4*q**2 + 4*q**3 + 3 + u*q - 5*q**3 - 2*q. Give c(5).
7
Suppose 3*g + 33 - 8 = 4*u, 4*g = -2*u - 70. Let p(j) = 3*j**2 - 17*j + 26. Let h(l) = 5*l**2 - 33*l + 51. Let d(i) = -4*h(i) + 7*p(i). Give d(g).
8
Let s(i) = 0*i - 6 - 2*i + 0*i + i**2 + 4. Let y(m) = m + 3. Let q(f) = -2*s(f) - y(f). Let b(a) = a**2 - a + 3. Let h be b(0). Determine q(h).
-8
Let r(s) = -2*s**3 - 125*s**2 - 63*s - 64. Let c be r(-62). Let t(z) be the first derivative of z**2 - z - 10. Calculate t(c).
-5
Let n(f) = -f + 4. Suppose -2*o = -0*o - 22. Let w(r) = r**2 - 4*r - 4. Let a be w(o). Let c = a + -73. What is n(c)?
4
Let q(o) = -28*o**3 + 59*o**2 - 7*o - 108. Let g(d) = 13*d**3 - 28*d**2 + 3*d + 53. Let v(u) = -13*g(u) - 6*q(u). Give v(10).
-11
Let a be ((-1)/3)/(3/(-9)). Let u(x) = 3*x - 10. Let h(v) = 1. Let s(l) = a*u(l) + 5*h(l). Suppose 0 = -3*m - 13*m - 2 + 66. What is s(m)?
7
Let n(b) = 19*b + 9. Suppose 90*x + 24 = -35 - 31. Give n(x).
-10
Suppose -70*x + 414 = -68*x. Let a = x - 225. Let q(h) = h**2 + 18*h - 2. Determine q(a).
-2
Let l = 2856 - 2862. Let f(k) = 2*k + 2 - 5*k**2 - k**3 + 2*k + 0*k**3. What is f(l)?
14
Let m(k) be the first derivative of -k**5/24 - 5*k**4/24 - 22*k**3 + 167. Let c(w) be the third derivative of m(w). Calculate c(6).
-35
Let m(g) be the second derivative of 5*g**3/6 + 157*g**2/2 + 2657*g - 1. Calculate m(-35).
-18
Suppose 9 = 4*k + 3*c, c + 4*c = -5. Suppose 1 = -k*n + 1. Let d(u) = u + 5*u**2 + 0 - 4*u**2 + 0 - 5. What is d(n)?
-5
Suppose -3*s + 5*s = -2, 0 = 4*q - 4*s + 16. Let j(l) = 4*l + 11. Calculate j(q).
-9
Let c(y) be the third derivative of -y**6/180 + y**5/120 - 7*y**4/24 + 98*y**3/3 + 107*y**2 + 2. Let m(q) be the first derivative of c(q). What is m(3)?
-22
Let s(p) = -p**2 - 31*p - 228. Let n(q) = q**3 - 34*q**2 - 75*q + 91. Let g be n(36). What is s(g)?
10
Let w be 11/22 + -2*(-31)/4. Let n(t) = -4*t - 3 + 2*t + w*t - t**2 - 6*t. Determine n(7).
4
Let a(j) be the third derivative of 109*j**2 - 7/6*j**3 + 0 + 1/3*j**4 + 0*j - 1/60*j**5. Calculate a(6).
5
Let x(w) = -2*w**3 + 3*w**2 + 2*w - 7. Suppose -17 + 97 = 40*o. Give x(o).
-7
Let o(f) = -24*f - 3*f**2 + 10*f - f**3 + 29759 - 29793 - 4*f. Calculate o(-2).
-2
Let y be (-2)/1 + 11/88*4*-6. Let s(l) = 3*l**2 + 11*l + 3. Give s(y).
23
Let d = -54 - -52. Let k(z) be the third derivative of z**4/24 + z**3/6 - 2*z**2 - 7*z. Determine k(d).
-1
Suppose -2*n + 23 = 4*p + 11, -3*p = -4*n + 2. Let d(r) = p - 2229*r + 2235*r - 3*r**2 + 2*r**2. What is d(6)?
2
Let j(z) = z**2 + 15*z + 20. Let p be j(-14). Suppose 2*c - p = -c. Let t(a) = 11 - 3*a + 2*a + 0*a + c*a. Calculate t(-9).
2
Let k(c) be the third derivative of c**5/60 + c**4/24 - 19*c**3/6 - 69*c**2. Let f be k(-5). Let g(x) = -10*x**3 + x**2 - x. What is g(f)?
-10
Let j(q) be the second derivative of q**5/20 - 19*q**4/12 + 7*q**3/2 - 21*q**2 + 2*q - 338. Calculate j(18).
12
Suppose 0 = -3*l + 73 - 19. Suppose -8*u = -11*u + l. Let r(x) = -x**3 + 13*x**2 - 12*x + 3. Let h(f) = f**2 - f + 1. Let m(o) = 6*h(o) - r(o). Determine m(u).
3
Let b(y) = -y**2 - 11*y - 15. Let c be b(-10). Let f(j) = -3*j - 13. Let p be f(c). Let a(r) = 4*r**2 - 2*r - 13 + 14 - r**2 + r**p. Calculate a(2).
13
Let y(w) = 202*w**3 - 397*w**3 - w - 3*w**2 + 9 + 194*w**3 + 7*w**2 - 5*w. What is y(4)?
-15
Let p(r) = 4*r**2 + 12*r - 8. Let n be 14/4*1840/(-1610). What is p(n)?
8
Let f(a) be the second derivative of -a**5/20 - 2*a**4/3 - 5*a**3/6 - 65*a**2 - 4608*a. Give f(-9).
-4
Let h(x) be the first derivative of 0*x - 3/2*x**2 - 177 + 1/3*x**3. Determine h(-3).
18
Let v(o) = 195*o**2 - 55*o + 110. Let z(k) = -k**2. Let t(y) = 13*y**2 - 4*y + 8. Let w(j) = t(j) - z(j). Let m(x) = -4*v(x) + 55*w(x). Determine m(1).
-10
Let d(h) = -2*h - 2. Let s = -200 - -235. Let o be 5 + s/(-21) + 2/(-6). Calculate d(o).
-8
Let a(h) = 3*h**2 + 2*h + 1. Let j(o) = -11*o + 53. Let p(r) be the first derivative of -r**2/2 - 13*r - 13. Let n be p(-18). Let u be j(n). What is a(u)?
9
Let y(a) be the third derivative of a**5/60 - a**4/24 + a**3/6 + 2041*a**2. Let h(i) = -2*i**2 - 4*i - 5. Let t be h(-2). Determine y(t).
31
Suppose 6*g = 9*g + 138. Let s be (-48)/(-14) + (-7 - g/7). Let a(w) = -4*w. What is a(s)?
-12
Suppose 3*a = a. Let c(k) = k. Let t be c(a). Let d(q) = -59*q + 764. Let n(g) = -10*g + 127. Let z(p) = d(p) - 6*n(p). Calculate z(t).
2
Let f(u) = -45*u - 12. Let z be f(8). Let d = z + 381. Let m(q) = -q**2 + 9*q - 8. Give m(d).
-8
Let h(k) be the third derivative of k**6/120 - k**5/10 + k**4/4 - k**3/6 + k**2. 